{"id":124,"date":"2020-11-25T18:43:58","date_gmt":"2020-11-25T18:43:58","guid":{"rendered":"http:\/\/kaisa.com.pe\/?page_id=124"},"modified":"2020-11-25T18:43:58","modified_gmt":"2020-11-25T18:43:58","slug":"equipos-de-diversos","status":"publish","type":"page","link":"http:\/\/kaisa.com.pe\/index.php\/equipos-de-diversos\/","title":{"rendered":"Equipos de Diversos"},"content":{"rendered":"<div id=\"pl-124\"  class=\"panel-layout\" ><div id=\"pg-124-0\"  class=\"panel-grid panel-no-style\" ><div id=\"pgc-124-0-0\"  class=\"panel-grid-cell panel-grid-cell-mobile-last\" ><div id=\"panel-124-0-0-0\" class=\"so-panel widget widget_sow-editor panel-first-child panel-last-child\" data-index=\"0\" ><div class=\"so-widget-sow-editor so-widget-sow-editor-base\">\n<div class=\"siteorigin-widget-tinymce textwidget\">\n\t<p>EQUIPOS DIVERSOS<\/p>\n<p>KAISA suministra diversos equipos como secadores, alimentadores, skips, chutes, tanques pulm\u00f3n, p\u00f3rtico puente gr\u00faa, entre otros equipos para las \u00e1reas de la miner\u00eda. Realizamos tambi\u00e9n la fabricaci\u00f3n y el montaje de las estructuras y equipos de fajas transportadores de circuitos de chancado primario, secundario-terciario, stock pile<\/p>\n<\/div>\n<\/div><\/div><\/div><div id=\"pgc-124-0-1\"  class=\"panel-grid-cell panel-grid-cell-empty\" ><\/div><\/div><\/div>","protected":false},"excerpt":{"rendered":"<p>EQUIPOS DIVERSOS KAISA suministra diversos equipos como secadores, alimentadores, skips, chutes, tanques pulm\u00f3n, p\u00f3rtico puente gr\u00faa, entre otros equipos para las \u00e1reas de la miner\u00eda. Realizamos tambi\u00e9n la fabricaci\u00f3n y el montaje de las estructuras y equipos de fajas transportadores de circuitos de chancado primario, secundario-terciario, stock pile<\/p>\n","protected":false},"author":1,"featured_media":0,"parent":0,"menu_order":0,"comment_status":"closed","ping_status":"closed","template":"","meta":{"footnotes":""},"class_list":["post-124","page","type-page","status-publish","hentry","post"],"_links":{"self":[{"href":"http:\/\/kaisa.com.pe\/index.php\/wp-json\/wp\/v2\/pages\/124","targetHints":{"allow":["GET"]}}],"collection":[{"href":"http:\/\/kaisa.com.pe\/index.php\/wp-json\/wp\/v2\/pages"}],"about":[{"href":"http:\/\/kaisa.com.pe\/index.php\/wp-json\/wp\/v2\/types\/page"}],"author":[{"embeddable":true,"href":"http:\/\/kaisa.com.pe\/index.php\/wp-json\/wp\/v2\/users\/1"}],"replies":[{"embeddable":true,"href":"http:\/\/kaisa.com.pe\/index.php\/wp-json\/wp\/v2\/comments?post=124"}],"version-history":[{"count":2,"href":"http:\/\/kaisa.com.pe\/index.php\/wp-json\/wp\/v2\/pages\/124\/revisions"}],"predecessor-version":[{"id":199,"href":"http:\/\/kaisa.com.pe\/index.php\/wp-json\/wp\/v2\/pages\/124\/revisions\/199"}],"wp:attachment":[{"href":"http:\/\/kaisa.com.pe\/index.php\/wp-json\/wp\/v2\/media?parent=124"}],"curies":[{"name":"wp","href":"https:\/\/api.w.org\/{rel}","templated":true}]}}