{"id":71,"date":"2020-11-16T20:16:24","date_gmt":"2020-11-16T20:16:24","guid":{"rendered":"http:\/\/kaisa.com.pe\/?page_id=71"},"modified":"2020-11-25T18:44:51","modified_gmt":"2020-11-25T18:44:51","slug":"71-2","status":"publish","type":"page","link":"https:\/\/kaisa.com.pe\/index.php\/71-2\/","title":{"rendered":"Misi\u00f3n y Visi\u00f3n"},"content":{"rendered":"<div id=\"pl-71\"  class=\"panel-layout\" ><div id=\"pg-71-0\"  class=\"panel-grid panel-no-style\" ><div id=\"pgc-71-0-0\"  class=\"panel-grid-cell\" ><div id=\"panel-71-0-0-0\" class=\"so-panel widget widget_sow-editor panel-first-child panel-last-child\" data-index=\"0\" ><div class=\"so-widget-sow-editor so-widget-sow-editor-base\">\n<div class=\"siteorigin-widget-tinymce textwidget\">\n\t<h3 style=\"text-align: center;\"><strong>Misi\u00f3n<\/strong><\/h3>\n<p>&nbsp;<\/p>\n<p>Somos una empresa dedicada a la fabricaci\u00f3n y mantenimiento de infraestructura y equipos para las industrias, minera y de manufactura en general, conformado por personal de experiencia que conocen las expectativas de nuestros clientes y se esfuerzan al m\u00e1ximo por realizarlas con est\u00e1ndares de excelencia.<\/p>\n<p>&nbsp;<\/p>\n<h3 style=\"text-align: center;\"><strong>Visi\u00f3n<\/strong><\/h3>\n<p>&nbsp;<\/p>\n<p>Ser una empresa de prestigio en el rubro metalmec\u00e1nico que sea reconocido por su excelencia en el servicio, comprometidos con la calidad, seguridad, medio ambiente, \u00e9tica \u00a0y que brinde un valor agregado a nuestros clientes.<\/p>\n<\/div>\n<\/div><\/div><\/div><div id=\"pgc-71-0-1\"  class=\"panel-grid-cell\" ><div id=\"panel-71-0-1-0\" class=\"so-panel widget widget_media_image panel-first-child\" data-index=\"1\" ><img loading=\"lazy\" decoding=\"async\" width=\"300\" height=\"225\" src=\"https:\/\/kaisa.com.pe\/wp-content\/uploads\/2020\/11\/IMG-20191022-WA0016-300x225.jpg\" class=\"image wp-image-82  attachment-medium size-medium\" alt=\"\" style=\"max-width: 100%; height: auto;\" srcset=\"https:\/\/kaisa.com.pe\/wp-content\/uploads\/2020\/11\/IMG-20191022-WA0016-300x225.jpg 300w, https:\/\/kaisa.com.pe\/wp-content\/uploads\/2020\/11\/IMG-20191022-WA0016-1024x768.jpg 1024w, https:\/\/kaisa.com.pe\/wp-content\/uploads\/2020\/11\/IMG-20191022-WA0016-768x576.jpg 768w, https:\/\/kaisa.com.pe\/wp-content\/uploads\/2020\/11\/IMG-20191022-WA0016.jpg 1040w\" sizes=\"auto, (max-width: 300px) 100vw, 300px\" \/><\/div><div id=\"panel-71-0-1-1\" class=\"so-panel widget widget_media_image panel-last-child\" data-index=\"2\" ><img loading=\"lazy\" decoding=\"async\" width=\"300\" height=\"147\" src=\"https:\/\/kaisa.com.pe\/wp-content\/uploads\/2020\/11\/INGENIERIA-300x147.jpg\" class=\"image wp-image-19  attachment-medium size-medium\" alt=\"\" style=\"max-width: 100%; height: auto;\" srcset=\"https:\/\/kaisa.com.pe\/wp-content\/uploads\/2020\/11\/INGENIERIA-300x147.jpg 300w, https:\/\/kaisa.com.pe\/wp-content\/uploads\/2020\/11\/INGENIERIA.jpg 320w\" sizes=\"auto, (max-width: 300px) 100vw, 300px\" \/><\/div><\/div><\/div><\/div>","protected":false},"excerpt":{"rendered":"<p>Misi\u00f3n &nbsp; Somos una empresa dedicada a la fabricaci\u00f3n y mantenimiento de infraestructura y equipos para las industrias, minera y de manufactura en general, conformado por personal de experiencia que conocen las expectativas de nuestros clientes y se esfuerzan al m\u00e1ximo por realizarlas con est\u00e1ndares de excelencia. &nbsp; Visi\u00f3n &nbsp; Ser una empresa de prestigio [&hellip;]<\/p>\n","protected":false},"author":1,"featured_media":0,"parent":0,"menu_order":0,"comment_status":"closed","ping_status":"closed","template":"templates\/template-full-notitle.php","meta":{"footnotes":""},"class_list":["post-71","page","type-page","status-publish","hentry","post"],"_links":{"self":[{"href":"https:\/\/kaisa.com.pe\/index.php\/wp-json\/wp\/v2\/pages\/71","targetHints":{"allow":["GET"]}}],"collection":[{"href":"https:\/\/kaisa.com.pe\/index.php\/wp-json\/wp\/v2\/pages"}],"about":[{"href":"https:\/\/kaisa.com.pe\/index.php\/wp-json\/wp\/v2\/types\/page"}],"author":[{"embeddable":true,"href":"https:\/\/kaisa.com.pe\/index.php\/wp-json\/wp\/v2\/users\/1"}],"replies":[{"embeddable":true,"href":"https:\/\/kaisa.com.pe\/index.php\/wp-json\/wp\/v2\/comments?post=71"}],"version-history":[{"count":25,"href":"https:\/\/kaisa.com.pe\/index.php\/wp-json\/wp\/v2\/pages\/71\/revisions"}],"predecessor-version":[{"id":205,"href":"https:\/\/kaisa.com.pe\/index.php\/wp-json\/wp\/v2\/pages\/71\/revisions\/205"}],"wp:attachment":[{"href":"https:\/\/kaisa.com.pe\/index.php\/wp-json\/wp\/v2\/media?parent=71"}],"curies":[{"name":"wp","href":"https:\/\/api.w.org\/{rel}","templated":true}]}}